{"id":9512,"date":"2023-08-09T17:25:54","date_gmt":"2023-08-09T15:25:54","guid":{"rendered":"https:\/\/kbs-wiesbaden.de\/cms\/?page_id=9512"},"modified":"2025-04-23T16:44:50","modified_gmt":"2025-04-23T14:44:50","slug":"unsere-arbeitsbereiche","status":"publish","type":"page","link":"https:\/\/kbs-wiesbaden.de\/cms\/?page_id=9512","title":{"rendered":"Organigramm &#038; Kontakte"},"content":{"rendered":"\n<p class=\"has-black-color has-luminous-vivid-amber-background-color has-text-color has-background has-small-font-size\"><strong>Kontakt <\/strong><br>KBS<br>F\u00f6hrer Str. 72<br>65199 Wiesbaden<br>0611 20517-0<br><strong><a href=\"mailto:kbs@ekhn.de\">E-Mail<\/a>:<\/strong>&nbsp;kbs[\u00e4t]ekhn.de<\/p>\n\n\n\n<p class=\"has-black-color has-cyan-bluish-gray-background-color has-text-color has-background has-small-font-size\"><strong><a href=\"mailto:kbs.verwaltung.wiesbaden@ekhn.de\">E-Mail<\/a>:<\/strong>\u00a0kbs.verwaltung.wiesbaden[\u00e4t]ekhn.de<\/p>\n\n\n\n<p class=\"has-black-color has-cyan-bluish-gray-background-color has-text-color has-background has-small-font-size\"><strong><a href=\"mailto:kbs.kita@ekhn.de\">E-Mail<\/a>:<\/strong>&nbsp;kbs.kita[\u00e4t]ekhn.de<\/p>\n\n\n\n<p class=\"has-black-color has-cyan-bluish-gray-background-color has-text-color has-background has-small-font-size\"><strong><a href=\"mailto:kbs.trafohaus@ekhn.de\">E-Mail<\/a>:<\/strong>&nbsp;kbs.trafohaus[\u00e4t]ekhn.de<\/p>\n\n\n\n<p class=\"has-black-color has-cyan-bluish-gray-background-color has-text-color has-background has-small-font-size\"><strong><a href=\"mailto:kbs.bis@ekhn.de\">E-Mail<\/a>:<\/strong>&nbsp;kbs.bis[\u00e4t]ekhn.de<\/p>\n\n\n\n<p class=\"has-black-color has-cyan-bluish-gray-background-color has-text-color has-background has-small-font-size\"><strong><a href=\"mailto:kiez-sauerland@ekhn.de\">E-Mail<\/a>:<\/strong>&nbsp;kiez-sauerland[\u00e4t]ekhn.de<\/p>\n\n\n\n<p class=\"has-white-color has-vivid-purple-background-color has-text-color has-background has-small-font-size\"><strong><a href=\"mailto:erloesergemeinde.wiesbaden@ekhn.de\">E-Mail<\/a>:<\/strong>&nbsp;erloesergemeinde.wiesbaden[\u00e4t]ekhn.de<\/p>\n\n\n\n<figure class=\"wp-block-image size-large\"><img loading=\"lazy\" decoding=\"async\" width=\"1024\" height=\"655\" src=\"https:\/\/kbs-wiesbaden.de\/cms\/wp-content\/uploads\/2025\/04\/image-5-1024x655.png\" alt=\"\" class=\"wp-image-11030\" srcset=\"https:\/\/kbs-wiesbaden.de\/cms\/wp-content\/uploads\/2025\/04\/image-5-1024x655.png 1024w, https:\/\/kbs-wiesbaden.de\/cms\/wp-content\/uploads\/2025\/04\/image-5-300x192.png 300w, https:\/\/kbs-wiesbaden.de\/cms\/wp-content\/uploads\/2025\/04\/image-5-768x491.png 768w, https:\/\/kbs-wiesbaden.de\/cms\/wp-content\/uploads\/2025\/04\/image-5-520x332.png 520w, https:\/\/kbs-wiesbaden.de\/cms\/wp-content\/uploads\/2025\/04\/image-5-740x473.png 740w, https:\/\/kbs-wiesbaden.de\/cms\/wp-content\/uploads\/2025\/04\/image-5-600x384.png 600w, https:\/\/kbs-wiesbaden.de\/cms\/wp-content\/uploads\/2025\/04\/image-5.png 1356w\" sizes=\"auto, (max-width: 1024px) 100vw, 1024px\" \/><\/figure>\n\n\n\n<p class=\"has-luminous-vivid-amber-background-color has-background has-small-font-size\"><a href=\"https:\/\/kbs-wiesbaden.de\/cms\/wp-content\/uploads\/2025\/04\/2025-02-03-Organigramm.docx\" data-type=\"attachment\" data-id=\"11031\">Telefonnummern, Adressen, Organigramm<\/a> zum Herunterladen<\/p>\n\n\n\n<p class=\"has-small-font-size\"><\/p>\n","protected":false},"excerpt":{"rendered":"<p>Kontakt KBSF\u00f6hrer Str. 7265199 Wiesbaden0611 20517-0E-Mail:&nbsp;kbs[\u00e4t]ekhn.de E-Mail:\u00a0kbs.verwaltung.wiesbaden[\u00e4t]ekhn.de E-Mail:&nbsp;kbs.kita[\u00e4t]ekhn.de E-Mail:&nbsp;kbs.trafohaus[\u00e4t]ekhn.de E-Mail:&nbsp;kbs.bis[\u00e4t]ekhn.de E-Mail:&nbsp;kiez-sauerland[\u00e4t]ekhn.de E-Mail:&nbsp;erloesergemeinde.wiesbaden[\u00e4t]ekhn.de Telefonnummern, Adressen, Organigramm zum Herunterladen<\/p>\n","protected":false},"author":3,"featured_media":0,"parent":0,"menu_order":0,"comment_status":"closed","ping_status":"closed","template":"","meta":{"advanced_seo_description":"","jetpack_seo_html_title":"","jetpack_seo_noindex":false,"two_page_speed":[],"footnotes":""},"categories":[],"tags":[],"class_list":["post-9512","page","type-page","status-publish","hentry"],"jetpack_sharing_enabled":true,"_links":{"self":[{"href":"https:\/\/kbs-wiesbaden.de\/cms\/index.php?rest_route=\/wp\/v2\/pages\/9512","targetHints":{"allow":["GET"]}}],"collection":[{"href":"https:\/\/kbs-wiesbaden.de\/cms\/index.php?rest_route=\/wp\/v2\/pages"}],"about":[{"href":"https:\/\/kbs-wiesbaden.de\/cms\/index.php?rest_route=\/wp\/v2\/types\/page"}],"author":[{"embeddable":true,"href":"https:\/\/kbs-wiesbaden.de\/cms\/index.php?rest_route=\/wp\/v2\/users\/3"}],"replies":[{"embeddable":true,"href":"https:\/\/kbs-wiesbaden.de\/cms\/index.php?rest_route=%2Fwp%2Fv2%2Fcomments&post=9512"}],"version-history":[{"count":14,"href":"https:\/\/kbs-wiesbaden.de\/cms\/index.php?rest_route=\/wp\/v2\/pages\/9512\/revisions"}],"predecessor-version":[{"id":11034,"href":"https:\/\/kbs-wiesbaden.de\/cms\/index.php?rest_route=\/wp\/v2\/pages\/9512\/revisions\/11034"}],"wp:attachment":[{"href":"https:\/\/kbs-wiesbaden.de\/cms\/index.php?rest_route=%2Fwp%2Fv2%2Fmedia&parent=9512"}],"wp:term":[{"taxonomy":"category","embeddable":true,"href":"https:\/\/kbs-wiesbaden.de\/cms\/index.php?rest_route=%2Fwp%2Fv2%2Fcategories&post=9512"},{"taxonomy":"post_tag","embeddable":true,"href":"https:\/\/kbs-wiesbaden.de\/cms\/index.php?rest_route=%2Fwp%2Fv2%2Ftags&post=9512"}],"curies":[{"name":"wp","href":"https:\/\/api.w.org\/{rel}","templated":true}]}}