{"id":37,"date":"2016-01-11T13:19:07","date_gmt":"2016-01-11T12:19:07","guid":{"rendered":"http:\/\/kbs-wiesbaden.de.w01409b0.kasserver.com\/cms\/?page_id=37"},"modified":"2026-04-01T12:21:36","modified_gmt":"2026-04-01T10:21:36","slug":"home-2","status":"publish","type":"page","link":"https:\/\/kbs-wiesbaden.de\/cms\/?page_id=37","title":{"rendered":"Wir freuen uns auf sie!"},"content":{"rendered":"\n<p>Wir sind eine soziale gemeinwesenorientierte Einrichtung in Tr\u00e4gerschaft der Evangelischen Erl\u00f6sergemeinde Wiesbaden-Sauerland. Die Angebote unserer Arbeitsbereiche richten sich an Kinder, Jugendliche, Erwachsene von 0 bis 99 Jahren und das ganze Gemeinwesen.<\/p>\n\n\n\n<p>Wir laden Sie und Euch ein, uns auf diese Weise kennen zu lernen und aktuelle Infos abzurufen.<\/p>\n\n\n\n<figure class=\"wp-block-video\"><video height=\"1080\" style=\"aspect-ratio: 1920 \/ 1080;\" width=\"1920\" autoplay controls poster=\"https:\/\/kbs-wiesbaden.de\/cms\/wp-content\/uploads\/2023\/08\/KBS-bunte-Buchstaben.png\" src=\"https:\/\/kbs-wiesbaden.de\/cms\/wp-content\/uploads\/2023\/08\/KBS-Imagefilm_-2023_2MB-Master-_6_1.mp4\"><\/video><\/figure>\n\n\n\n<p><strong>Unser Leitsatz: Unser Netz tr\u00e4gt!<\/strong><\/p>\n\n\n\n<ul class=\"wp-block-list\">\n<li><strong>&nbsp;<\/strong>Das Netz ist bunt, vielf\u00e4ltig beweglich und ver\u00e4nderbar.<\/li>\n\n\n\n<li>Wir achten darauf, dass das Netz belastbar, stabil und ausgeglichen ist.<\/li>\n\n\n\n<li>Wir sehen die Menschen in ihrer Vielfalt und Individualit\u00e4t.<\/li>\n\n\n\n<li>Alle, mit denen wir zu tun haben, sind Teil des Netzes.<\/li>\n\n\n\n<li>Unser Netz h\u00e4lt nur im Zusammenspiel mit den Bewohnern des Sauerlands.<\/li>\n\n\n\n<li>Wir kennen unser Netzwerk.<\/li>\n\n\n\n<li>Wir kn\u00fcpfen es gemeinsam weiter.<\/li>\n\n\n\n<li>Jede Mitarbeiterin und jeder Mitarbeiter tr\u00e4gt durch ihre\/seine Fachlichkeit dazu bei, das Netz je nach Bedarf enger, flexibler, dynamischer, gr\u00f6\u00dfer zu kn\u00fcpfen<\/li>\n\n\n\n<li>Wir machen unser Netzwerk bekannt.\n<ul class=\"wp-block-list\">\n<li><\/li>\n<\/ul>\n<\/li>\n<\/ul>\n\n\n\n<p><strong><mark style=\"background-color:#fcb900\" class=\"has-inline-color\">Organigramm<\/mark><\/strong><\/p>\n\n\n\n<div class=\"wp-block-group\"><div class=\"wp-block-group__inner-container is-layout-flow wp-block-group-is-layout-flow\">\n<figure class=\"wp-block-image size-large is-style-default\"><img loading=\"lazy\" decoding=\"async\" width=\"1024\" height=\"718\" src=\"https:\/\/kbs-wiesbaden.de\/cms\/wp-content\/uploads\/2023\/08\/image-1024x718.png\" alt=\"\" class=\"wp-image-9393\" srcset=\"https:\/\/kbs-wiesbaden.de\/cms\/wp-content\/uploads\/2023\/08\/image-1024x718.png 1024w, https:\/\/kbs-wiesbaden.de\/cms\/wp-content\/uploads\/2023\/08\/image-300x210.png 300w, https:\/\/kbs-wiesbaden.de\/cms\/wp-content\/uploads\/2023\/08\/image-768x539.png 768w, https:\/\/kbs-wiesbaden.de\/cms\/wp-content\/uploads\/2023\/08\/image-1536x1077.png 1536w, https:\/\/kbs-wiesbaden.de\/cms\/wp-content\/uploads\/2023\/08\/image-2048x1436.png 2048w, https:\/\/kbs-wiesbaden.de\/cms\/wp-content\/uploads\/2023\/08\/image-520x365.png 520w, https:\/\/kbs-wiesbaden.de\/cms\/wp-content\/uploads\/2023\/08\/image-740x519.png 740w\" sizes=\"auto, (max-width: 1024px) 100vw, 1024px\" \/><\/figure>\n<\/div><\/div>\n\n\n\n<figure class=\"wp-block-image size-full\"><img loading=\"lazy\" decoding=\"async\" width=\"219\" height=\"313\" src=\"https:\/\/kbs-wiesbaden.de\/cms\/wp-content\/uploads\/2026\/04\/image.png\" alt=\"\" class=\"wp-image-11673\" srcset=\"https:\/\/kbs-wiesbaden.de\/cms\/wp-content\/uploads\/2026\/04\/image.png 219w, https:\/\/kbs-wiesbaden.de\/cms\/wp-content\/uploads\/2026\/04\/image-210x300.png 210w\" sizes=\"auto, (max-width: 219px) 100vw, 219px\" \/><\/figure>\n\n\n\n<div class=\"wp-block-group is-vertical is-layout-flex wp-container-core-group-is-layout-8cf370e7 wp-block-group-is-layout-flex\">\n<p><a href=\"https:\/\/kbs-wiesbaden.de\/cms\/wp-content\/uploads\/2026\/04\/2026-03-30-Geschaeftsbericht-2025-KBS-GESAMT_Final.pdf\">Gesch\u00e4ftsbericht 2025<\/a><\/p>\n<\/div>\n\n\n<div class=\"wp-block-image\">\n<figure class=\"alignleft size-large is-resized\"><img loading=\"lazy\" decoding=\"async\" width=\"525\" height=\"292\" src=\"https:\/\/kbs-wiesbaden.de\/cms\/wp-content\/uploads\/2020\/07\/hohe-Aufl\u00f6sung_final_sozialbudget-01.jpg\" alt=\"\" class=\"wp-image-6532\" style=\"width:155px;height:86px\" srcset=\"https:\/\/kbs-wiesbaden.de\/cms\/wp-content\/uploads\/2020\/07\/hohe-Aufl\u00f6sung_final_sozialbudget-01.jpg 525w, https:\/\/kbs-wiesbaden.de\/cms\/wp-content\/uploads\/2020\/07\/hohe-Aufl\u00f6sung_final_sozialbudget-01-300x167.jpg 300w, https:\/\/kbs-wiesbaden.de\/cms\/wp-content\/uploads\/2020\/07\/hohe-Aufl\u00f6sung_final_sozialbudget-01-520x289.jpg 520w\" sizes=\"auto, (max-width: 525px) 100vw, 525px\" \/><\/figure>\n<\/div>\n\n\n<figure class=\"wp-block-gallery has-nested-images columns-default is-cropped wp-block-gallery-1 is-layout-flex wp-block-gallery-is-layout-flex\">\n<figure class=\"wp-block-image size-large is-resized\"><img loading=\"lazy\" decoding=\"async\" width=\"633\" height=\"313\" data-id=\"5969\" src=\"https:\/\/kbs-wiesbaden.de\/cms\/wp-content\/uploads\/2020\/04\/image-9.png\" alt=\"\" class=\"wp-image-5969\" style=\"aspect-ratio:2.0193548387096776;width:325px;height:auto\" srcset=\"https:\/\/kbs-wiesbaden.de\/cms\/wp-content\/uploads\/2020\/04\/image-9.png 633w, https:\/\/kbs-wiesbaden.de\/cms\/wp-content\/uploads\/2020\/04\/image-9-300x148.png 300w, https:\/\/kbs-wiesbaden.de\/cms\/wp-content\/uploads\/2020\/04\/image-9-520x257.png 520w\" sizes=\"auto, (max-width: 633px) 100vw, 633px\" \/><\/figure>\n<\/figure>\n\n\n\n<figure class=\"wp-block-image size-large is-resized\"><img loading=\"lazy\" decoding=\"async\" width=\"900\" height=\"678\" src=\"https:\/\/kbs-wiesbaden.de\/cms\/wp-content\/uploads\/2025\/07\/Guetesiegel-2019-ohne-Zertifizierung.jpg\" alt=\"\" class=\"wp-image-11087\" style=\"width:137px;height:auto\" srcset=\"https:\/\/kbs-wiesbaden.de\/cms\/wp-content\/uploads\/2025\/07\/Guetesiegel-2019-ohne-Zertifizierung.jpg 900w, https:\/\/kbs-wiesbaden.de\/cms\/wp-content\/uploads\/2025\/07\/Guetesiegel-2019-ohne-Zertifizierung-300x226.jpg 300w, https:\/\/kbs-wiesbaden.de\/cms\/wp-content\/uploads\/2025\/07\/Guetesiegel-2019-ohne-Zertifizierung-768x579.jpg 768w, https:\/\/kbs-wiesbaden.de\/cms\/wp-content\/uploads\/2025\/07\/Guetesiegel-2019-ohne-Zertifizierung-520x392.jpg 520w, https:\/\/kbs-wiesbaden.de\/cms\/wp-content\/uploads\/2025\/07\/Guetesiegel-2019-ohne-Zertifizierung-740x557.jpg 740w, https:\/\/kbs-wiesbaden.de\/cms\/wp-content\/uploads\/2025\/07\/Guetesiegel-2019-ohne-Zertifizierung-600x452.jpg 600w\" sizes=\"auto, (max-width: 900px) 100vw, 900px\" \/><\/figure>\n\n\n\n<p><\/p>\n","protected":false},"excerpt":{"rendered":"<p>Wir sind eine soziale gemeinwesenorientierte Einrichtung in Tr\u00e4gerschaft der Evangelischen Erl\u00f6sergemeinde Wiesbaden-Sauerland. Die Angebote unserer Arbeitsbereiche richten sich an Kinder, Jugendliche, Erwachsene von 0 bis 99 Jahren und das ganze Gemeinwesen. Wir laden Sie und<a class=\"read-more\" href=\"https:\/\/kbs-wiesbaden.de\/cms\/?page_id=37\">&#8230; lesen Sie mehr.<\/a><\/p>\n","protected":false},"author":3,"featured_media":0,"parent":0,"menu_order":0,"comment_status":"closed","ping_status":"closed","template":"","meta":{"advanced_seo_description":"","jetpack_seo_html_title":"","jetpack_seo_noindex":false,"two_page_speed":[],"footnotes":""},"categories":[],"tags":[],"class_list":["post-37","page","type-page","status-publish","hentry"],"jetpack_sharing_enabled":true,"_links":{"self":[{"href":"https:\/\/kbs-wiesbaden.de\/cms\/index.php?rest_route=\/wp\/v2\/pages\/37","targetHints":{"allow":["GET"]}}],"collection":[{"href":"https:\/\/kbs-wiesbaden.de\/cms\/index.php?rest_route=\/wp\/v2\/pages"}],"about":[{"href":"https:\/\/kbs-wiesbaden.de\/cms\/index.php?rest_route=\/wp\/v2\/types\/page"}],"author":[{"embeddable":true,"href":"https:\/\/kbs-wiesbaden.de\/cms\/index.php?rest_route=\/wp\/v2\/users\/3"}],"replies":[{"embeddable":true,"href":"https:\/\/kbs-wiesbaden.de\/cms\/index.php?rest_route=%2Fwp%2Fv2%2Fcomments&post=37"}],"version-history":[{"count":71,"href":"https:\/\/kbs-wiesbaden.de\/cms\/index.php?rest_route=\/wp\/v2\/pages\/37\/revisions"}],"predecessor-version":[{"id":11674,"href":"https:\/\/kbs-wiesbaden.de\/cms\/index.php?rest_route=\/wp\/v2\/pages\/37\/revisions\/11674"}],"wp:attachment":[{"href":"https:\/\/kbs-wiesbaden.de\/cms\/index.php?rest_route=%2Fwp%2Fv2%2Fmedia&parent=37"}],"wp:term":[{"taxonomy":"category","embeddable":true,"href":"https:\/\/kbs-wiesbaden.de\/cms\/index.php?rest_route=%2Fwp%2Fv2%2Fcategories&post=37"},{"taxonomy":"post_tag","embeddable":true,"href":"https:\/\/kbs-wiesbaden.de\/cms\/index.php?rest_route=%2Fwp%2Fv2%2Ftags&post=37"}],"curies":[{"name":"wp","href":"https:\/\/api.w.org\/{rel}","templated":true}]}}

<p>Wir sind eine soziale gemeinwesenorientierte Einrichtung in Trägerschaft der Evangelischen Erlösergemeinde Wiesbaden-Sauerland. Die Angebote unserer Arbeitsbereiche richten sich an Kinder, Jugendliche, Erwachsene von 0 bis 99 Jahren und das ganze Gemeinwesen.</p>



<p>Wir laden Sie und Euch ein, uns auf diese Weise kennen zu lernen und aktuelle Infos abzurufen.</p>



<figure class="wp-block-video"><video height="1080" style="aspect-ratio: 1920 / 1080;" width="1920" autoplay controls poster="https://kbs-wiesbaden.de/cms/wp-content/uploads/2023/08/KBS-bunte-Buchstaben.png" src="https://kbs-wiesbaden.de/cms/wp-content/uploads/2023/08/KBS-Imagefilm_-2023_2MB-Master-_6_1.mp4"></video></figure>



<p><strong>Unser Leitsatz: Unser Netz trägt!</strong></p>



<ul class="wp-block-list">
<li><strong>&nbsp;</strong>Das Netz ist bunt, vielfältig beweglich und veränderbar.</li>



<li>Wir achten darauf, dass das Netz belastbar, stabil und ausgeglichen ist.</li>



<li>Wir sehen die Menschen in ihrer Vielfalt und Individualität.</li>



<li>Alle, mit denen wir zu tun haben, sind Teil des Netzes.</li>



<li>Unser Netz hält nur im Zusammenspiel mit den Bewohnern des Sauerlands.</li>



<li>Wir kennen unser Netzwerk.</li>



<li>Wir knüpfen es gemeinsam weiter.</li>



<li>Jede Mitarbeiterin und jeder Mitarbeiter trägt durch ihre/seine Fachlichkeit dazu bei, das Netz je nach Bedarf enger, flexibler, dynamischer, größer zu knüpfen</li>



<li>Wir machen unser Netzwerk bekannt.
<ul class="wp-block-list">
<li></li>
</ul>
</li>
</ul>



<p><strong><mark style="background-color:#fcb900" class="has-inline-color">Organigramm</mark></strong></p>



<div class="wp-block-group"><div class="wp-block-group__inner-container is-layout-flow wp-block-group-is-layout-flow">
<figure class="wp-block-image size-large is-style-default"><img loading="lazy" decoding="async" width="1024" height="718" src="https://kbs-wiesbaden.de/cms/wp-content/uploads/2023/08/image-1024x718.png" alt="" class="wp-image-9393" srcset="https://kbs-wiesbaden.de/cms/wp-content/uploads/2023/08/image-1024x718.png 1024w, https://kbs-wiesbaden.de/cms/wp-content/uploads/2023/08/image-300x210.png 300w, https://kbs-wiesbaden.de/cms/wp-content/uploads/2023/08/image-768x539.png 768w, https://kbs-wiesbaden.de/cms/wp-content/uploads/2023/08/image-1536x1077.png 1536w, https://kbs-wiesbaden.de/cms/wp-content/uploads/2023/08/image-2048x1436.png 2048w, https://kbs-wiesbaden.de/cms/wp-content/uploads/2023/08/image-520x365.png 520w, https://kbs-wiesbaden.de/cms/wp-content/uploads/2023/08/image-740x519.png 740w" sizes="auto, (max-width: 1024px) 100vw, 1024px" /></figure>
</div></div>



<figure class="wp-block-image size-full"><img loading="lazy" decoding="async" width="219" height="313" src="https://kbs-wiesbaden.de/cms/wp-content/uploads/2026/04/image.png" alt="" class="wp-image-11673" srcset="https://kbs-wiesbaden.de/cms/wp-content/uploads/2026/04/image.png 219w, https://kbs-wiesbaden.de/cms/wp-content/uploads/2026/04/image-210x300.png 210w" sizes="auto, (max-width: 219px) 100vw, 219px" /></figure>



<div class="wp-block-group is-vertical is-layout-flex wp-container-core-group-is-layout-8cf370e7 wp-block-group-is-layout-flex">
<p><a href="https://kbs-wiesbaden.de/cms/wp-content/uploads/2026/04/2026-03-30-Geschaeftsbericht-2025-KBS-GESAMT_Final.pdf">Geschäftsbericht 2025</a></p>
</div>


<div class="wp-block-image">
<figure class="alignleft size-large is-resized"><img loading="lazy" decoding="async" width="525" height="292" src="https://kbs-wiesbaden.de/cms/wp-content/uploads/2020/07/hohe-Auflösung_final_sozialbudget-01.jpg" alt="" class="wp-image-6532" style="width:155px;height:86px" srcset="https://kbs-wiesbaden.de/cms/wp-content/uploads/2020/07/hohe-Auflösung_final_sozialbudget-01.jpg 525w, https://kbs-wiesbaden.de/cms/wp-content/uploads/2020/07/hohe-Auflösung_final_sozialbudget-01-300x167.jpg 300w, https://kbs-wiesbaden.de/cms/wp-content/uploads/2020/07/hohe-Auflösung_final_sozialbudget-01-520x289.jpg 520w" sizes="auto, (max-width: 525px) 100vw, 525px" /></figure>
</div>


<figure class="wp-block-gallery has-nested-images columns-default is-cropped wp-block-gallery-1 is-layout-flex wp-block-gallery-is-layout-flex">
<figure class="wp-block-image size-large is-resized"><img loading="lazy" decoding="async" width="633" height="313" data-id="5969" src="https://kbs-wiesbaden.de/cms/wp-content/uploads/2020/04/image-9.png" alt="" class="wp-image-5969" style="aspect-ratio:2.0193548387096776;width:325px;height:auto" srcset="https://kbs-wiesbaden.de/cms/wp-content/uploads/2020/04/image-9.png 633w, https://kbs-wiesbaden.de/cms/wp-content/uploads/2020/04/image-9-300x148.png 300w, https://kbs-wiesbaden.de/cms/wp-content/uploads/2020/04/image-9-520x257.png 520w" sizes="auto, (max-width: 633px) 100vw, 633px" /></figure>
</figure>



<figure class="wp-block-image size-large is-resized"><img loading="lazy" decoding="async" width="900" height="678" src="https://kbs-wiesbaden.de/cms/wp-content/uploads/2025/07/Guetesiegel-2019-ohne-Zertifizierung.jpg" alt="" class="wp-image-11087" style="width:137px;height:auto" srcset="https://kbs-wiesbaden.de/cms/wp-content/uploads/2025/07/Guetesiegel-2019-ohne-Zertifizierung.jpg 900w, https://kbs-wiesbaden.de/cms/wp-content/uploads/2025/07/Guetesiegel-2019-ohne-Zertifizierung-300x226.jpg 300w, https://kbs-wiesbaden.de/cms/wp-content/uploads/2025/07/Guetesiegel-2019-ohne-Zertifizierung-768x579.jpg 768w, https://kbs-wiesbaden.de/cms/wp-content/uploads/2025/07/Guetesiegel-2019-ohne-Zertifizierung-520x392.jpg 520w, https://kbs-wiesbaden.de/cms/wp-content/uploads/2025/07/Guetesiegel-2019-ohne-Zertifizierung-740x557.jpg 740w, https://kbs-wiesbaden.de/cms/wp-content/uploads/2025/07/Guetesiegel-2019-ohne-Zertifizierung-600x452.jpg 600w" sizes="auto, (max-width: 900px) 100vw, 900px" /></figure>



<p></p>

<p>Wir sind eine soziale gemeinwesenorientierte Einrichtung in Trägerschaft der Evangelischen Erlösergemeinde Wiesbaden-Sauerland. Die Angebote unserer Arbeitsbereiche richten sich an Kinder, Jugendliche, Erwachsene von 0 bis 99 Jahren und das ganze Gemeinwesen. Wir laden Sie und<a class="read-more" href="https://kbs-wiesbaden.de/cms/?page_id=37">&#8230; lesen Sie mehr.</a></p>
